= 4*o + c. What are the prime factors of o?
37
Let m = 4 - -1. Suppose 4*h - 12 = -4*p, 0*h + 5 = 5*p - m*h. What are the prime factors of (18/45)/(p/40)?
2
Suppose -4*d = -4*z, 2*d + 4*z = 3 + 3. Suppose 0 = 3*c - 66 - 9. Let v = c - d. List the prime factors of v.
2, 3
Let c = -427 - -300. Let x = c + 229. List the prime factors of x/10 - (-1)/(-5).
2, 5
Let k = 41 + -31. Suppose 3*r + 2*l + 4 = 15, 5*r = 5*l + k. Suppose 17 = 4*u - r. List the prime factors of u.
5
Let z(w) = 37*w**2 + 2*w - 1. Let j be z(1). Let r be 44/(-242) - (-156)/11. Let l = j - r. What are the prime factors of l?
2, 3
What are the prime factors of 429/(7/7) + 8?
19, 23
Let g be 1 + 3 + 3 + -2. Suppose -1 = g*a - 11. Suppose 2 = -q, a*s - 4*s - 3*q = -18. What are the prime factors of s?
2, 3
Let w = 35 + -27. Let g be (-4)/(w/6) + 51. Suppose 0*m + g = 2*m. List the prime factors of m.
2, 3
Suppose -5*c = 3*n - 13642, -124*c = 4*n - 128*c - 18200. What are the prime factors of n?
4549
Suppose -20 = -5*w, k - 9*w - 1943 = -8*w. What are the prime factors of k?
3, 11, 59
Suppose 5*f + 3 = 2*f. Let l(h) = 219*h**2 - 3*h - 3. Let u be l(f). Suppose -u = -3*a - 39. What are the prime factors of a?
2, 3, 5
Let o = -2342 - -4530. What are the prime factors of o?
2, 547
Suppose 0*d - 4*d = -72. Let w = -15 + d. Suppose -w*a - 18 = -57. List the prime factors of a.
13
Suppose 0 = -2*n - 2*h + 110, 36 = 3*n - 5*h - 129. Let l = -51 + n. List the prime factors of l.
2
Let r(n) = -25*n + 7. Let k(w) = 100*w - 28. Let y(u) = -2*k(u) - 9*r(u). What are the prime factors of y(4)?
3, 31
Suppose -19*p + 21*p + m = -38, 0 = p + 3*m + 24. Let w(a) = -a**3 + 8*a**2 - 7*a - 3. Let b be w(7). Let t = b - p. What are the prime factors of t?
3, 5
Let m(j) = -j**3 - 3*j**2 - 5. Let u be m(-4). Suppose b = 4*b + 18. Let i = u - b. What are the prime factors of i?
17
Suppose 0 = 2*l - 4144 + 588. What are the prime factors of l?
2, 7, 127
Let s(i) be the third derivative of -i**5/60 - i**4/12 + i**3/3 + 10*i**2. Let k be s(-3). Let a(j) = -62*j**3 + 2*j**2 + j. List the prime factors of a(k).
3, 7
Suppose y = -4*g + 925, -2*g + 467 = 3*y + 2*y. Let a = g + -122. What are the prime factors of a?
109
Suppose b - 3*b = 0. Suppose b = 7*s - 3*s + 60. Let n = s - -26. What are the prime factors of n?
11
Let b(f) = 3*f**2 + 2*f**2 + 4 - 3*f - 2*f**2. Suppose 0 = 3*v + 3, 0 = -t + v - 2. List the prime factors of b(t).
2, 5
Suppose v - 2*f = -f + 3, 4*f + 2 = 2*v. Suppose 3*a + 0 = -v*y + 28, 2*a - 12 = -5*y. List the prime factors of a.
2
Let z(c) = -56*c - 12. Let t be z(-7). Suppose -4*i + 3*q = -9*i + 614, 4*q = 3*i - t. Suppose 0 = -0*s - 4*s + i. List the prime factors of s.
31
Suppose -655*i + 78187 = -614*i. List the prime factors of i.
1907
Let l be -4 - (0 + 4 - 189). Suppose 2*u - 5*z = 5*u - l, 5*z + 275 = 5*u. List the prime factors of u.
3, 19
Let z(u) = 9*u + 65. Let v be z(-7). Suppose 2*n - 60 = v*m, 4*m - 90 = -4*n + 2*m. List the prime factors of n.
5
Suppose -28083 = -43*i + 8338. List the prime factors of i.
7, 11
Suppose 0 = -3*j + 17 - 2. Let a(i) = -2*i**3 + 44*i**2 - 37*i - 49. Let r be a(21). Suppose -j*w + 19 = -r. List the prime factors of w.
3, 5
Let o(s) = -s. Let i be o(7). Let p(g) = g**2 + 5*g + 14. Let q be p(i). Let j = q + -24. List the prime factors of j.
2
Let q(x) = 5*x**2 + 17 - 2*x - 6*x**2 + 0. Let v be q(-5). Suppose -o + 3*o - v*l = 6, -5*o + 3*l + 15 = 0. List the prime factors of o.
3
List the prime factors of (-3711*(-6)/(-9))/((-50)/25).
1237
Suppose 2*z - 5*o = -2, -7*z + o + 10 = -4*z. Suppose 4*b - 474 = -4*r + 3*b, 0 = 3*r + z*b - 362. List the prime factors of r.
2, 59
Let r be (-27)/(-3) - (1 - -1). Suppose -v - 2*u + 3*u = -r, 3*u + 24 = 4*v. Suppose -k + 70 = k - p, -78 = -2*k + v*p. What are the prime factors of k?
3, 11
Let u be (-1 - 7)/(-4) - 2. Suppose -2*v = 5*s + 1, -3*v + 0*s - 4*s + 2 = u. Suppose -o = 5*m - v*m - 10, -5*o - 2 = 2*m. List the prime factors of m.
2
Let v = 668 - 345. List the prime factors of v.
17, 19
Let q(v) = -2*v**2 + 8*v - 2. Let x be q(3). Suppose 0 = 4*d + a - 564, -3*a + 4*a = -x. List the prime factors of d.
2, 71
Let u(g) = 69*g + 5 - 70*g + 0. List the prime factors of u(-6).
11
Let j be (13/1)/(6/(-90)). Let u = j - -125. Let y = 109 + u. What are the prime factors of y?
3, 13
Let a = -268 + 928. List the prime factors of a.
2, 3, 5, 11
Let w(c) = c**2 + 5*c + 12. Let n be w(-5). Suppose -4*f = -8*f + n. List the prime factors of (-22)/f*(-6)/4.
11
Let k = 60 + -96. Let i = 4 + k. What are the prime factors of -4 + 3 - (3 + i)?
2, 7
Let i(d) = 16*d + 313. What are the prime factors of i(51)?
1129
Suppose -u - 4*i + 13 = 0, -5*u - i + 43 = -3*i. Suppose 0 = -f - 2 + u. What are the prime factors of 268/f - 14/49?
2, 19
Let t = 95 + -163. Let w = -14 - t. Let j = w - 29. List the prime factors of j.
5
Suppose k + 2*k + 6 = 0. Let j(d) = d**2 - 2. Let h(g) = -g**2 + 2. Let p(s) = 2*h(s) + 3*j(s). What are the prime factors of p(k)?
2
Suppose 674*v - 1018 = 673*v. What are the prime factors of v?
2, 509
Let l = 122 - 116. List the prime factors of -15*(l/(-8) + (-330)/72).
2, 5
Let b(w) be the third derivative of w**6/120 + 19*w**5/60 + w**4/12 + 2*w**3/3 - 31*w**2. List the prime factors of b(-18).
2, 73
Let o(h) = h**3 - 4*h**2 - 4*h - 2. Let i(w) = w + 2. Let a be i(3). Let k be o(a). Suppose 18 = k*p - p. What are the prime factors of p?
3
Let b be (-32)/(-24) - (-2)/(6/(-1)). List the prime factors of ((-66)/77)/(b/(-63)).
2, 3
Let c = 4219 + -2978. What are the prime factors of c?
17, 73
Suppose 2*v = -2*a + 54, -a = 2*a + 4*v - 79. Let d be 0*(-2 - (2 + -5)). List the prime factors of (-3)/(-9)*d + a.
29
Let q(f) = -3*f - 45. Let a be q(-15). Suppose -151*j + 149*j + 346 = a. What are the prime factors of j?
173
Let r = -39 - -36. What are the prime factors of (20/(-4) - r)*(-146)/4?
73
Suppose 803 - 1926 = -5*h + 2*q, 0 = -h - 5*q + 230. List the prime factors of h.
3, 5
Suppose 48*x = 29926 + 19034. What are the prime factors of x?
2, 3, 5, 17
Suppose -1765 = -158*f + 153*f. List the prime factors of f.
353
Let p(z) = z**3 - z**2 + 2*z - 5. Let h be p(0). What are the prime factors of (-207)/(-3) + (-7 - h)?
67
Let k(r) be the first derivative of 5*r**2/2 + 26*r + 10. What are the prime factors of k(25)?
151
Let k(d) = 2*d**3 - d**2 - 9*d - 5. Let x be k(-4). Let i = -70 - x. What are the prime factors of i?
43
Let q(v) = v - 9. Let x be q(9). Suppose x = -j + 4. What are the prime factors of (-1 + 27)*(j - 3)?
2, 13
Let w(f) = -3*f**2 - f - 1. Let m(y) = 8*y**2 + 2*y + 2. Let n(b) = 5*m(b) + 12*w(b). Let u be n(-1). Suppose 0 = -0*a - u*a + 152. List the prime factors of a.
2, 19
Suppose -2*q + 8 = -v, -3*v + 4*v = -3*q + 17. Suppose -4*s + v = -3*s, -2*s = 5*t - 54. List the prime factors of t.
2, 5
Suppose 2*t - 64 = -2. Suppose 2*l = -3*i + t, -2*i + 7*i = 4*l - 73. List the prime factors of l.
17
Suppose 0 = 3*s - 1075 + 1081. Let y = -173 + 115. List the prime factors of 2/s + (2 - y).
59
Suppose -5*c + 5*n = -175, 4*c - 2*n - 166 = -c. Suppose 136 - c = 4*b. What are the prime factors of b?
2, 13
Let c(j) = j**3 - 6*j**2 - 11*j + 3. Let t be c(8). Suppose -52 = 8*h - 4*h. Let z = t + h. List the prime factors of z.
2, 3, 5
Suppose -5*d + k + 9146 = 0, -2*d - 4*k + 2321 = -1355. What are the prime factors of d?
2, 3, 5, 61
Let h = 3344 + -2095. What are the prime factors of h?
1249
Let h(y) = -2*y**2 + 6*y + 4. Let t = 5 + -2. Let i be h(t). Suppose -i*u - 78 + 278 = 0. What are the prime factors of u?
2, 5
Suppose -p + 61 = 5*w + 170, -5*p = -5. Suppose 2*h + 14 = -o, -7*h + 2*h + 75 = -3*o. Let s = o - w. What are the prime factors of s?
2
Let y = -5986 - -11000. What are the prime factors of y?
2, 23, 109
Suppose -11*w = -3*w. Suppose 528 = 3*t + 3*j, w = -2*t - j - 4*j + 361. What are the prime factors of t?
173
Suppose -19*n + 18752 + 10318 = 0. What are the prime factors of n?
2, 3, 5, 17
Let y be (-15)/(-2)*12/9. Suppose -y = -6*d + 4*d. Suppose 20 = d*p - 40. List the prime factors of p.
2, 3
Let v(f) = 4*f - 14. Let l be v(4). Suppose u + 2*u - 78 = 3*i, -i = -l*u + 52. What are the prime factors of u?
2, 13
Suppose -3*l + 2 = -2*l. Suppose -4*k - 7 = -a, -4*a - l*k + 24 + 4 = 0. Su